 = 7109. What is the greatest common divisor of 32 and k?
32
Let h = -3051 - -3601. Calculate the greatest common divisor of 350 and h.
50
Let x be (4*(-1)/10)/((-2342)/390 + 6). Calculate the greatest common divisor of 312 and x.
78
Let y be (((-32)/(-5))/(-1))/((-60)/150). Let t = 24 + -14. Calculate the greatest common divisor of y and t.
2
Suppose c = 2, i + 5*c - 8 = 21. Suppose 5*d = 31 + i. Let p be (45/2)/(6/8). Calculate the greatest common divisor of d and p.
10
Let z(w) = 7*w**3 + 183*w**2 + 22*w - 91. Let b be z(-26). What is the greatest common divisor of b and 9997?
13
Suppose o = 29 - 26. Suppose o*b - 196 = -2*r - b, 5*b = r - 91. Calculate the greatest common divisor of 32 and r.
32
Let k = -12690 - -13823. What is the greatest common divisor of 55 and k?
11
Let q = 5364 + -3255. What is the highest common divisor of q and 342?
57
Suppose 3*x + 2*k - 35186 = 0, k = 3*x - 12598 - 22594. Calculate the highest common factor of 17 and x.
17
Let w be (-2)/6 - 50/(-15). Let z be 32/(-12)*w/(-2). Suppose -4*i + z = v - 20, 2*i = 0. What is the greatest common divisor of v and 24?
24
Let j = 6 - 10. Let f(h) be the third derivative of h**5/12 - h**4/3 - h**3/3 + 197*h**2. Let c be f(j). What is the greatest common factor of c and 10?
10
Suppose 9*v = -10*v + 152. Suppose v*b + 910 = 21*b. Calculate the highest common divisor of b and 28.
14
Let v be (-14)/(-4) - (-3 + 21/6). Let u be 36/3*18/v. What is the highest common divisor of 8 and u?
8
Suppose -j + 5*j = 3*c + 5, -2*c = -5*j + 1. Let p be 2 - -7*(-1 + (-30)/c). Calculate the greatest common factor of 52 and p.
13
Let y = 190 - 134. Let f be ((-25)/4)/((-2)/y). Calculate the highest common divisor of f and 50.
25
Suppose 3*v = -10*p + 14*p - 15, 4*p = -5*v + 39. Suppose -p*n + 11 = -1. Suppose 0 = n*q - 5 - 9. Calculate the greatest common factor of q and 21.
7
Let t = -125 + 206. Suppose -4*d + t = -d. Let g(i) = -i**3 + 6*i**2 + 7*i + 9. Let s be g(7). Calculate the highest common divisor of d and s.
9
Let i be (-18)/24 - (-25165)/(-4). Let g be (i/24)/(-11) + (-1)/(-6). Suppose 0 = 4*h - 15 + 3. Calculate the highest common divisor of g and h.
3
Suppose 7 = 4*o - 3*y - 4, 5*o - 4*y - 15 = 0. Let d be (-6 - -1) + o + 168. Suppose 0 = 2*l - 3 - 33. Calculate the greatest common factor of d and l.
18
Let o be -40*(2 - (-45)/(-12)). What is the greatest common factor of o and 11872?
14
Let b(j) = j**3 - 5*j**2 + 3*j + 4. Let h be (-14)/(-2)*9*14/147. Let c be b(h). What is the highest common divisor of c and 464?
58
Let w = -643 + 675. What is the greatest common divisor of w and 5664?
32
Let u(i) = -2*i**3 - 7*i**2 - 4*i + 4. Let h be u(-4). Let a = h - 28. Let b be (-3)/6 + -46*(-6)/a. What is the highest common factor of b and 34?
34
Suppose -3*b = 18, -3*b + 3416 + 3510 = 2*k. Calculate the greatest common factor of 42 and k.
14
Let r(a) = a**3 - 39*a**2 + 3*a - 17. Let c be r(39). Calculate the greatest common divisor of c and 280.
20
Suppose 5*g - 980 = 180. Suppose 206*m - 203 = 199*m. Calculate the greatest common factor of m and g.
29
Let d be (6/(-12))/1 - 18/(-4). Let h be 142*2/20 - d/20. Suppose h*w - 15*w = -65. Calculate the greatest common divisor of w and 13.
13
Suppose 32*u = 65*u - 126027. Calculate the greatest common divisor of u and 67.
67
Let p(a) = 5*a**2 - 15*a + 26. Let l be p(2). What is the highest common divisor of l and 3040?
16
Suppose l = 4*l. Let g(o) = -o**2 + o + 103. Let a be g(l). Let q = a + -13. Calculate the greatest common divisor of 36 and q.
18
Let l = 54770 + -54714. Let v = -250 + 530. Calculate the highest common divisor of v and l.
56
Suppose 6*j - 29232 = -6846. Calculate the highest common factor of 273 and j.
91
Let f(t) = 2*t**2 + 5*t + 22. Let d be f(0). Suppose 24*q - 22 = d*q. Calculate the greatest common divisor of q and 154.
11
Let f = 46 - 37. Let t be (-22)/33 + (-1)/((-3)/446). Suppose f*b - t = 5*b. What is the greatest common divisor of b and 148?
37
Let d(o) = -9*o**2 - 14*o + 116. Let w(l) = 25*l**2 + 40*l - 346. Let f(y) = 11*d(y) + 4*w(y). Let a be f(-14). Calculate the highest common divisor of a and 6.
2
Let n = 52 + -15. Suppose n*a = 33*a + 40. Let g be (2/a)/((-3)/(-15)). Calculate the greatest common divisor of 1 and g.
1
Let r(u) = -3*u**2 - 19*u - 1. Let v be r(-4). Suppose -v*y = -28*y + 63. Calculate the highest common factor of y and 9.
9
Let y = 8 + -6. Let o = -2312 - -2674. Suppose -3*d + o + 294 = y*v, 0 = -5*v - 2*d + 1640. What is the highest common factor of 41 and v?
41
Let t = 33 - 37. Let l be t/(-12)*3 - 4. Let a(d) = -d**3 + 3*d**2 + 2*d + 2. Let c be a(l). What is the greatest common factor of c and 10?
10
Let l(w) be the first derivative of w**3 + 9*w**2 - 32*w - 4. Let t be l(-8). What is the greatest common divisor of t and 128?
16
Suppose -632 = -21*y + 2644. Calculate the greatest common factor of 5356 and y.
52
Let p = -6325 + 6439. Calculate the greatest common divisor of p and 18.
6
Let i be 447/6 + 2/(-4). Let x = i + -66. Let g be (2/(-4))/(1/(-8)). What is the highest common factor of x and g?
4
Let v(t) = 8 + 30*t - 3*t**2 + 0 + 3*t**2 + 2*t**2. Let x be v(-15). What is the highest common divisor of 240 and x?
8
Let a be 24/16 + (207/(-18) - -14). Suppose 8 = 4*l + 3*n, 3*l + 0*n - 6 = -4*n. Calculate the greatest common divisor of a and l.
2
Let o(r) be the second derivative of -r**5/10 + 5*r**4/2 + 16*r**3/3 + 15*r**2 - 2*r + 52. Let p be o(16). Calculate the highest common divisor of p and 270.
30
Let g(c) = -13*c + 109. Let l be g(6). Suppose k = 29 + l. What is the greatest common factor of 90 and k?
30
Let x(z) = -27*z + 723. Let q be x(25). Calculate the highest common factor of q and 1200.
48
Suppose -4*l = 30*f - 26*f - 44492, 0 = 4*f - 8. What is the highest common factor of l and 33?
33
Let s(p) = p**2 - 43*p - 1477. Let x be s(-24). What is the greatest common factor of x and 7467?
131
Suppose -3*h - 216 = -6*h. Let q = -123 + 128. Suppose -9 = -3*a - 2*u + 9, 0 = q*a + 5*u - 25. Calculate the greatest common divisor of a and h.
8
Let o = -204 - -212. Suppose -4*p - 304 = -w, -5*w - 3*p = -o*p - 1595. What is the greatest common divisor of 12 and w?
12
Let u(l) = 64*l**2 - 114*l - 588. Let c be u(-5). Calculate the greatest common divisor of 14 and c.
14
Suppose -54*u = -49*u + p - 6533, -3*u - 5*p = -3955. What is the greatest common factor of u and 2755?
145
Let n be (-262)/(-8) + 1/4. Suppose 4*v - x + 2 = 0, -2*v + 3*v - 10 = -5*x. Suppose v = 19*h - 22*h + n. What is the greatest common divisor of h and 88?
11
Suppose 48 - 8 = 2*d. Let m = 2874 - 2869. Suppose -m*y = -d, -2*p - y - 140 = -3*p. What is the highest common factor of 16 and p?
16
Suppose 0 = -4*z + 16*z - 36. Suppose -3*m + 102 = -2*o + 12, -90 = -3*m - z*o. What is the highest common factor of m and 45?
15
Let q(n) = -2*n**2 - 62*n - 9. Let r be q(-19). Suppose 10*z + r - 2607 = 0. What is the highest common divisor of 8 and z?
8
Let v be 0/(-1 + (2 - 0)). Let q be 9 + -35*(v + -3). What is the greatest common factor of q and 209?
19
Let m(d) = -2989*d - 14942. Let h be m(-5). What is the greatest common factor of h and 18723?
3
Suppose 40*a = 118 + 322. Suppose 0 = -2*y + 3 - 5. Let h be 664/12 + y/3. What is the greatest common divisor of a and h?
11
Let i be 6*-14*(-7)/(637/1560). What is the greatest common factor of i and 135?
45
Let x be (-175)/((6/4)/(9/(-6))). Let n = -165 + 215. What is the greatest common divisor of n and x?
25
Let v be (-352)/33 - -8 - (-68952)/18. Calculate the greatest common divisor of 88 and v.
44
Let o be (-11 - -6) + 213 - 2. Let j = o - 70. Calculate the highest common divisor of 24 and j.
8
Let z = -576 - -1026. Suppose 0 = -4*j + 5*a + 60, -45*a + 75 = 5*j - 42*a. What is the greatest common divisor of j and z?
15
Let n = 4454 - 4319. Suppose 3*q = 10 + 8. Calculate the highest common factor of q and n.
3
Let q be 35*8*6/120. Let b be (1 + 6 + q)*(2 - -1). Calculate the greatest common divisor of b and 9.
9
Let p = 29488 - 26604. Calculate the highest common divisor of 20 and p.
4
Let j be (-5 - -3)/((-1)/(-5937)*(-126)/84). Calculate the greatest common divisor of 4 and j.
4
Let f(m) = 43*m - 35. Let a be f(7). Let d = 277 - a. What is the highest common fa